divided by 4?
3
Let f(d) = -d + 73. Let r be f(34). Let z = r - 2. What is the remainder when z is divided by 8?
5
Let q(d) = -555*d - 105. Let v be q(-5). Suppose -40*y + 10*y + v = 0. Let t = -23 + 53. Calculate the remainder when y is divided by t.
29
Suppose -2*c + 38 = -c - 4*q, 3*q + 15 = 0. Calculate the remainder when c is divided by 45*(-3 - (-20)/6).
3
What is the remainder when 791 is divided by ((-16868)/15)/(-4) + 26/(-195)?
229
Let v = 53 - -7. Let t(o) = 17*o + 4. Let a be t(2). Suppose -2*f + a = 2*s, -9*f = -13*f + s + 86. What is the remainder when v is divided by f?
18
Let w(y) = -19*y + 81. Let q be w(-14). Let x = q - 276. Calculate the remainder when x is divided by 20.
11
Let k be (-22 + 2)/4*(-2)/(-5). What is the remainder when 56 is divided by k + 36 + 1 + (7 - 11)?
25
Let t(v) = 88*v**2 - v - 1. Suppose 23*j - 312 - 10 = 0. Suppose -j*f = -f - 299. Calculate the remainder when t(-1) is divided by f.
19
Let u = 3746 - 3727. Calculate the remainder when -2*(-2)/8*142 is divided by u.
14
Suppose m - 284 = 70. What is the remainder when 28 + -27 - m*-3 is divided by 26?
23
Let k = -150 - -260. Let s be (1830/(-75))/((-2)/5). Suppose 0 = 56*i - s*i + k. Calculate the remainder when i is divided by 5.
2
Suppose 0 = 3*a + 5*c - 54, 5*c - 9 = 6. Suppose -19 - a = -4*d. Let v(t) = 7*t + 11. Calculate the remainder when v(0) is divided by d.
3
Let x be (-4)/((-16)/10)*-2 - 3. Let g be 6/15 - x/(-20)*11. What is the remainder when (-24)/g*70/3 is divided by 24?
20
Suppose -i - 628 + 46530 = 5*m, i - 18365 = -2*m. Calculate the remainder when m is divided by 51.
50
Let r = 10033 + -10005. What is the remainder when 175 is divided by r?
7
Let d = 0 + 18. Calculate the remainder when 7 + -3 + (28 - -9) + 6 is divided by d.
11
Suppose 0 = 35*w - 85 - 965. What is the remainder when 57 is divided by 23/(-2)*10/w*-6?
11
Let j = 3916 + -3766. Calculate the remainder when j is divided by 83.
67
Let l(x) = 6*x + 135. Let c = -644 - -630. Calculate the remainder when 458 is divided by l(c).
50
Let c be (-4)/((-4)/(-4*2)). Let w(f) = f**3 + 7*f**2 - 10*f - 12. Let s = 0 + 3. Calculate the remainder when w(c) is divided by s.
1
Suppose 4*i + 65 = 2*x - 227, 5*x = -3*i + 665. Calculate the remainder when x is divided by 8.
0
Let a = -687 - -692. Let o(x) = 4*x**2 - 2*x + 1. Calculate the remainder when o(4) is divided by a.
2
Let f be 4143 + 0 - (-4 + 7). Suppose 4*v - 1224 = f. What is the remainder when v is divided by 24?
21
Let x = -24597 + 24673. Let o = 6 - -2. What is the remainder when x is divided by o?
4
Let w(m) = -102*m + 235. What is the remainder when 1299 is divided by w(2)?
28
Let d(j) = 29*j**3 + 18*j**2 - 6*j - 1. Let h(y) = -30*y**3 - 15*y**2 + 5*y + 1. Let w(i) = -4*d(i) - 5*h(i). What is the remainder when w(1) is divided by 19?
16
Calculate the remainder when (-18 - -863) + -10 - -21 is divided by 215.
211
Suppose 21*c + 43703 = 158*c. What is the remainder when c is divided by 91?
46
Let v = 29 - 27. Suppose -v*a - p - 110 + 31 = 0, -3*p = a + 32. Let s = a + 43. Calculate the remainder when 13 is divided by s.
1
Let m(h) = h**3 + 23*h**2 + 52*h - 20. Calculate the remainder when m(-20) is divided by 28.
0
Let u(k) be the third derivative of 0 + 0*k - 11*k**2 + 7/12*k**4 - k**3. What is the remainder when u(8) is divided by 18?
16
Let c = 436 + -248. Suppose 17*h - 6*h + 2020 - 1976 = 0. Calculate the remainder when (-2 - 9/h)*c is divided by 25.
22
Let i(g) be the second derivative of g**4/3 - g**3/6 - 5*g**2/2 + g. Suppose 85*a = 74*a + 352. Calculate the remainder when i(-4) is divided by a.
31
Suppose 0 = -16*a - 12503 - 13337. Let k = 1625 + a. Suppose h - 175 = -4*h. Calculate the remainder when h is divided by k.
5
Suppose -6*r - 2*r + 24 = 0. Suppose r*q = 5*q - 26. Suppose -14*i + 5*i = -333. What is the remainder when i is divided by q?
11
Let n(h) = h - 12. Let o be n(14). Let d(x) = -6*x**2 + 10*x - 9. Let p be d(6). What is the remainder when p/(-9) + o/3 is divided by 13?
6
Suppose z - 62 = 9*k - 8*k, z = 3*k + 68. Suppose -7*h + z = 38. What is the remainder when 36 is divided by h?
0
Let g = 2865 + -1987. Let c = g - 873. Calculate the remainder when 11 is divided by c.
1
Let d be -3*1/(-8) + (-53)/(-8). Suppose 4*i + d*i - 33 = 0. Calculate the remainder when 78 is divided by i.
0
What is the remainder when 2649 is divided by 10/(-4 + -1) + 6 + (-77)/(-7)?
9
Let f = 26 + -18. Suppose -j + 3*d = -f - 12, -40 = -2*j + 2*d. Calculate the remainder when 98 is divided by j.
18
Let z(s) = -2*s**3 - 66*s**2 - 67*s - 79. Suppose 3*q - 752 = -q. Let y = q + -106. Calculate the remainder when y is divided by z(-32).
14
Calculate the remainder when 995 is divided by -2 + (-12950)/(-13) + ((-630)/(-130) - 5).
1
Let t be -5*9/(225/(-10)). Let q be (4 + 72/(-16))*t/1. Calculate the remainder when (-2)/(-1) + (20 - q) is divided by 6.
5
What is the remainder when 498 is divided by (-10912)/(-188) - 54/1269?
34
Let t = -1540 + 4370. What is the remainder when t is divided by 167?
158
Let o(j) = 17*j - 37*j**2 - 4 + 27 + 23 - 5 - 11*j**3 + 13*j**3. Calculate the remainder when 181 is divided by o(18).
20
Suppose 3067 + 4448 = 5*t + 1445. What is the remainder when t is divided by 178?
146
Let o be (-16)/88 - 856/11. Let b = -29 + o. Let i = b - -197. What is the remainder when i is divided by 31?
28
Let v(p) = -450*p - 1332. Calculate the remainder when 2254 is divided by v(-3).
4
Let f be (-33)/(-22)*(-2)/1. Let r be (-3)/(-15) + f/15. Suppose 4*u = -5*p - 5, 7*p - 5*p + 2*u + 4 = r. Calculate the remainder when 10 is divided by p.
1
Suppose 2*n = 2*b - 588, 8*n - 7*n = -3*b + 890. Let u = -267 + b. Calculate the remainder when 201 is divided by u.
27
Let b = -1051 + 96. Let z = b - -997. Calculate the remainder when z is divided by 16.
10
Suppose 0 = 26*y - 410 + 46. Calculate the remainder when 15 is divided by y.
1
Suppose -u + w = -54, -7*u - 2*w = -4*u - 152. What is the remainder when 3995 is divided by u?
43
Let v be -1*((-51)/(-3) + -2). Let f(b) = b**2 + 13*b + 7. Let y be f(v). Let p = y - 23. Calculate the remainder when 41 is divided by p.
13
Suppose 0 = f - 0 - 7. Suppose -f = -2*a - 95. What is the remainder when 35 is divided by 4/6 + (5 - a/6)?
9
Let r be (13 + (-741)/26)/(1/34). Let m = -513 - r. What is the remainder when 27 is divided by m?
13
Suppose -z = -4*i + 13306 + 24213, -3*z = -2*i + 18767. Calculate the remainder when i is divided by 28.
27
Let o(t) = -3*t - 37. Let w be o(-15). Let l(x) = -15*x + 15. Let y be l(w). What is the remainder when 6 is divided by (-2)/5 - 252/y?
0
Let i be (10 + 104/(-10))/((-1)/(-5)). Calculate the remainder when 48 is divided by 11/(11/(-14))*i.
20
What is the remainder when (3 + (-11079)/45)*-5 is divided by 33?
28
Suppose -16*s + 1168 = a, -5*s - 4672 = -7*a + 3*a. Calculate the remainder when a is divided by 86.
50
Let x = -105 - -51. Let o = x - -63. Calculate the remainder when (-213)/(-9) - 0 - 10/15 is divided by o.
5
Let a(v) = -v - 11. Let l be a(-14). Suppose -l*y - 65 - 55 = -5*x, 44 = 2*x - 2*y. Suppose -5*h + 24 = -h. Calculate the remainder when x is divided by h.
3
Let t(z) = 2*z**2 - 9*z + 4. Let u be ((-8)/6)/(2/(-9)). Calculate the remainder when (-1034)/(-8) - 204/816 is divided by t(u).
19
Suppose -4225 = 10*p - 35*p. Calculate the remainder when p is divided by ((-114)/(-4))/((-6)/(-12)).
55
Let c = 29 + 6. Let t = 39 - c. Suppose -t*w + 120 - 36 = 0. Calculate the remainder when 103 is divided by w.
19
Let i(w) = -w**3 - w + 152. Let j be ((-54)/8)/(12/12)*-68. Suppose -j = -727*v + 718*v. What is the remainder when i(0) is divided by v?
50
Let a(i) = -137*i - 5. Let c be a(2). Let y = -1 + 10. Calculate the remainder when (c/372)/(3/(-64)) is divided by y.
7
Let p = -66110 - -66274. Calculate the remainder when p is divided by (2*-3)/((-2)/5).
14
Let g be 42/(-28)*(-8)/(-12). What is the remainder when (7 + -12 - -4)*690/g is divided by 21?
18
Let x(n) = n**2 + 11*n + 155. Let g(j) = j**2 + 11*j + 154. Let w(b) = 4*g(b) - 3*x(b). Calculate the remainder when w(0) is divided by 22.
19
Let a = 101 - 71. Let b(l) = l**2 - 5*l + 4. Let r be b(6). Calculate the remainder when (-421)/(-5)*1 - 2/r is divided by a.
24
Let w(l) = -28*l**2 -